{"id":1668,"date":"2019-07-18T20:55:18","date_gmt":"2019-07-18T20:55:18","guid":{"rendered":"http:\/\/brotherad.com\/lima\/?page_id=1668"},"modified":"2019-07-18T20:55:18","modified_gmt":"2019-07-18T20:55:18","slug":"politica-de-privacidad-y-cookies","status":"publish","type":"page","link":"https:\/\/brotherad.com\/lima\/politica-de-privacidad-y-cookies\/","title":{"rendered":"Pol\u00edtica de Privacidad y Cookies"},"content":{"rendered":"<p>POL\u00cdTICAS DE USO DE DATOS DE PERSONAS INTERESADAS A BROTHER LIMA<\/p>\n<p>De conformidad con la Ley N\u00b0 29733 &#8211; Ley de Protecci\u00f3n de Datos Personales y su Reglamento aprobado mediante D.S. 003-2013-JUS, el usuario otorga su consentimiento expreso para que los datos personales que facilite a Brother Lima S.A.C. &#8211; Bro Lima S.A.C. a trav\u00e9s de este medio y\/o cualquier otra v\u00eda queden incorporados en el Banco de Datos y sean tratados por Brother Lima con la finalidad de recopilar informaci\u00f3n de estudiantes y p\u00fablico en general interesado en alg\u00fan servicio educativo de Brother Lima, d\u00e1ndoles usos que incluyen temas referidos a fines estad\u00edsticos, hist\u00f3ricos o cient\u00edficos, publicidad y prospecci\u00f3n comercial, as\u00ed como an\u00e1lisis de perfiles.<\/p>\n<p>M\u00c1S INFORMACI\u00d3N SOBRE LAS COOKIES<br \/>\n\u00bfQU\u00c9 ES UNA COOKIE?<br \/>\nUna cookie es un fichero de texto inofensivo que se almacena en su navegador cuando visita casi cualquier p\u00e1gina web. La utilidad de la cookie es que la web sea capaz de recordar su visita cuando vuelva a navegar por esa p\u00e1gina. Aunque mucha gente no lo sabe las cookies se llevan utilizando desde hace 20 a\u00f1os, cuando aparecieron los primeros navegadores para la World Wide Web.<\/p>\n<p>\u00bfQU\u00c9 NO ES UNA COOKIE?<br \/>\nNo es un virus, ni un troyano, ni un gusano, ni spam, ni spyware, ni abre ventanas pop-up.<\/p>\n<p>\u00bfQU\u00c9 INFORMACI\u00d3N ALMACENA UNA COOKIE?<br \/>\nLas cookies no suelen almacenar informaci\u00f3n sensible sobre usted, como tarjetas de cr\u00e9dito o datos bancarios, fotograf\u00edas, su DNI o informaci\u00f3n personal, etc. Los datos que guardan son de car\u00e1cter t\u00e9cnico, preferencias personales, personalizaci\u00f3n de contenidos, etc.<\/p>\n<p>El servidor web no le asocia a usted como persona si no a su navegador web. De hecho, si usted navega habitualmente con Internet Explorer y prueba a navegar por la misma web con Firefox o Chrome ver\u00e1 que la web no se da cuenta que es usted la misma persona porque en realidad est\u00e1 asociando al navegador, no a la persona.<\/p>\n<p>\u00bfQU\u00c9 TIPO DE COOKIES EXISTEN?<br \/>\nCookies t\u00e9cnicas: Son las m\u00e1s elementales y permiten, entre otras cosas, saber cu\u00e1ndo est\u00e1 navegando un humano o una aplicaci\u00f3n automatizada, cu\u00e1ndo navega un usuario an\u00f3nimo y uno registrado, tareas b\u00e1sicas para el funcionamiento de cualquier web din\u00e1mica.<br \/>\nCookies de an\u00e1lisis: Recogen informaci\u00f3n sobre el tipo de navegaci\u00f3n que est\u00e1 realizando, las secciones que m\u00e1s utiliza, productos consultados, franja horaria de uso, idioma, etc.<br \/>\nCookies publicitarias: Muestran publicidad en funci\u00f3n de su navegaci\u00f3n, su pa\u00eds de procedencia, idioma, etc.<br \/>\n\u00bfQU\u00c9 SON LAS COOKIES PROPIAS Y LAS DE TERCEROS?<br \/>\nLas cookies propias son las generadas por la p\u00e1gina que est\u00e1 visitando y las de terceros son las generadas por servicios o proveedores externos como Facebook, Twitter, Google, etc.<\/p>\n<p>\u00bfQU\u00c9 OCURRE SI DESACTIVO LAS COOKIES?<br \/>\nPara que entienda el alcance que puede tener desactivar las cookies le mostramos unos ejemplos:<\/p>\n<p>No podr\u00e1 compartir contenidos de esa web en Facebook, Twitter o cualquier otra red social.<br \/>\nEl sitio web no podr\u00e1 adaptar los contenidos a sus preferencias personales, como suele ocurrir en las tiendas online.<br \/>\nNo podr\u00e1 acceder al \u00e1rea personal de esa web, como por ejemplo Mi cuenta, o Mi perfil o Mis pedidos.<br \/>\nTiendas online: Le ser\u00e1 imposible realizar compras online, tendr\u00e1n que ser telef\u00f3nicas o visitando la tienda f\u00edsica si es que dispone de ella.<br \/>\nNo ser\u00e1 posible personalizar sus preferencias geogr\u00e1ficas como franja horaria, divisa o idioma.<br \/>\nEl sitio web no podr\u00e1 realizar anal\u00edticas web sobre visitantes y tr\u00e1fico en la web, lo que dificultar\u00e1 que la web sea competitiva.<br \/>\nNo podr\u00e1 escribir en el blog, no podr\u00e1 subir fotos, publicar comentarios, valorar o puntuar contenidos. La web tampoco podr\u00e1 saber si usted es un humano o una aplicaci\u00f3n automatizada que publica spam.<br \/>\nNo se podr\u00e1 mostrar publicidad sectorizada, lo que reducir\u00e1 los ingresos publicitarios de la web.<br \/>\nTodas las redes sociales usan cookies, si las desactiva no podr\u00e1 utilizar ninguna red social.<br \/>\n\u00bfSE PUEDEN ELIMINAR LAS COOKIES?<br \/>\nS\u00ed. No s\u00f3lo eliminar, tambi\u00e9n bloquear, de forma general o particular para un dominio espec\u00edfico.<\/p>\n<p>Para eliminar las cookies de un sitio web debe ir a la configuraci\u00f3n de su navegador y all\u00ed podr\u00e1 buscar las asociadas al dominio en cuesti\u00f3n y proceder a su eliminaci\u00f3n.<\/p>\n<p>CONFIGURACI\u00d3N DE COOKIES PARA LOS NAVEGADORES M\u00c1S POLULARES<br \/>\nA continuaci\u00f3n le indicamos c\u00f3mo acceder a una cookie determinada del navegador Chrome. Nota: estos pasos pueden variar en funci\u00f3n de la versi\u00f3n del navegador:<\/p>\n<p>Vaya a Configuraci\u00f3n o Preferencias mediante el men\u00fa Archivo o bien pinchando el icono de personalizaci\u00f3n que aparece arriba a la derecha.<br \/>\nVer\u00e1 diferentes secciones, pinche la opci\u00f3n Mostrar opciones avanzadas.<br \/>\nVaya a Privacidad, Configuraci\u00f3n de contenido.<br \/>\nSeleccione Todas las cookies y los datos de sitios.<br \/>\nAparecer\u00e1 un listado con todas las cookies ordenadas por dominio. Para que le sea m\u00e1s f\u00e1cil encontrar las cookies de un determinado dominio introduzca parcial o totalmente la direcci\u00f3n en el campo Buscar cookies.<br \/>\nTras realizar este filtro aparecer\u00e1n en pantalla una o varias l\u00edneas con las cookies de la web solicitada. Ahora s\u00f3lo tiene que seleccionarla y pulsar la X para proceder a su eliminaci\u00f3n.<br \/>\nPara acceder a la configuraci\u00f3n de cookies del navegador Internet Explorer siga estos pasos (pueden variar en funci\u00f3n de la versi\u00f3n del navegador):<\/p>\n<p>Vaya a Herramientas, Opciones de Internet<br \/>\nHaga click en Privacidad.<br \/>\nMueva el deslizador hasta ajustar el nivel de privacidad que desee.<br \/>\nPara acceder a la configuraci\u00f3n de cookies del navegador Firefox siga estos pasos (pueden variar en funci\u00f3n de la versi\u00f3n del navegador):<\/p>\n<p>Vaya a Opciones o Preferencias seg\u00fan su sistema operativo.<br \/>\nHaga click en Privacidad.<br \/>\nEn Historial elija Usar una configuraci\u00f3n personalizada para el historial.<br \/>\nAhora ver\u00e1 la opci\u00f3n Aceptar cookies, puede activarla o desactivarla seg\u00fan sus preferencias.<br \/>\nPara acceder a la configuraci\u00f3n de cookies del navegador Safari para OSX siga estos pasos (pueden variar en funci\u00f3n de la versi\u00f3n del navegador):<\/p>\n<p>Vaya a Preferencias, luego Privacidad.<br \/>\nEn este lugar ver\u00e1 la opci\u00f3n Bloquear cookies para que ajuste el tipo de bloqueo que desea realizar.<br \/>\nPara acceder a la configuraci\u00f3n de cookies del navegador Safari para iOS siga estos pasos (pueden variar en funci\u00f3n de la versi\u00f3n del navegador):<\/p>\n<p>Vaya a Ajustes, luego Safari.<br \/>\nVaya a Privacidad y Seguridad, ver\u00e1 la opci\u00f3n Bloquear cookies para que ajuste el tipo de bloqueo que desea realizar.<br \/>\nPara acceder a la configuraci\u00f3n de cookies del navegador para dispositivos Android siga estos pasos (pueden variar en funci\u00f3n de la versi\u00f3n del navegador):<\/p>\n<p>Ejecute el navegador y pulse la tecla Men\u00fa, luego Ajustes.<br \/>\nVaya a Seguridad y Privacidad, ver\u00e1 la opci\u00f3n Aceptar cookies para que active o desactive la casilla.<br \/>\nPara acceder a la configuraci\u00f3n de cookies del navegador para dispositivos Windows Phone siga estos pasos (pueden variar en funci\u00f3n de la versi\u00f3n del navegador):<\/p>\n<p>Abra Internet Explorer, luego M\u00e1s, luego Configuraci\u00f3n<br \/>\nAhora puede activar o desactivar la casilla Permitir cookies.<\/p>\n","protected":false},"excerpt":{"rendered":"<p>POL\u00cdTICAS DE USO DE DATOS DE PERSONAS INTERESADAS A BROTHER LIMA De conformidad con la Ley N\u00b0 29733 &#8211; Ley de Protecci\u00f3n de Datos Personales y su Reglamento aprobado mediante D.S. 003-2013-JUS, el usuario otorga su consentimiento expreso para que los datos personales que facilite a Brother Lima S.A.C. &#8211; Bro Lima S.A.C. a trav\u00e9s [&hellip;]<\/p>\n","protected":false},"author":6,"featured_media":0,"parent":0,"menu_order":0,"comment_status":"closed","ping_status":"closed","template":"","meta":{"_acf_changed":false,"footnotes":""},"class_list":["post-1668","page","type-page","status-publish","format-standard","hentry","page-politica-de-privacidad-y-cookies"],"acf":[],"yoast_head":"<!-- This site is optimized with the Yoast SEO plugin v26.7 - https:\/\/yoast.com\/wordpress\/plugins\/seo\/ -->\n<title>Pol\u00edtica de Privacidad y Cookies - Brother Lima<\/title>\n<meta name=\"robots\" content=\"index, follow, max-snippet:-1, max-image-preview:large, max-video-preview:-1\" \/>\n<link rel=\"canonical\" href=\"https:\/\/brotherad.com\/lima\/politica-de-privacidad-y-cookies\/\" \/>\n<meta property=\"og:locale\" content=\"es_ES\" \/>\n<meta property=\"og:type\" content=\"article\" \/>\n<meta property=\"og:title\" content=\"Pol\u00edtica de Privacidad y Cookies - Brother Lima\" \/>\n<meta property=\"og:description\" content=\"POL\u00cdTICAS DE USO DE DATOS DE PERSONAS INTERESADAS A BROTHER LIMA De conformidad con la Ley N\u00b0 29733 &#8211; Ley de Protecci\u00f3n de Datos Personales y su Reglamento aprobado mediante D.S. 003-2013-JUS, el usuario otorga su consentimiento expreso para que los datos personales que facilite a Brother Lima S.A.C. &#8211; Bro Lima S.A.C. a trav\u00e9s [&hellip;]\" \/>\n<meta property=\"og:url\" content=\"https:\/\/brotherad.com\/lima\/politica-de-privacidad-y-cookies\/\" \/>\n<meta property=\"og:site_name\" content=\"Brother Lima\" \/>\n<meta property=\"article:publisher\" content=\"https:\/\/www.facebook.com\/BrotherLima\/\" \/>\n<meta name=\"twitter:card\" content=\"summary_large_image\" \/>\n<meta name=\"twitter:label1\" content=\"Tiempo de lectura\" \/>\n\t<meta name=\"twitter:data1\" content=\"6 minutos\" \/>\n<script type=\"application\/ld+json\" class=\"yoast-schema-graph\">{\"@context\":\"https:\/\/schema.org\",\"@graph\":[{\"@type\":\"WebPage\",\"@id\":\"https:\/\/brotherad.com\/lima\/politica-de-privacidad-y-cookies\/\",\"url\":\"https:\/\/brotherad.com\/lima\/politica-de-privacidad-y-cookies\/\",\"name\":\"Pol\u00edtica de Privacidad y Cookies - Brother Lima\",\"isPartOf\":{\"@id\":\"https:\/\/brotherad.com\/lima\/#website\"},\"datePublished\":\"2019-07-18T20:55:18+00:00\",\"breadcrumb\":{\"@id\":\"https:\/\/brotherad.com\/lima\/politica-de-privacidad-y-cookies\/#breadcrumb\"},\"inLanguage\":\"es\",\"potentialAction\":[{\"@type\":\"ReadAction\",\"target\":[\"https:\/\/brotherad.com\/lima\/politica-de-privacidad-y-cookies\/\"]}]},{\"@type\":\"BreadcrumbList\",\"@id\":\"https:\/\/brotherad.com\/lima\/politica-de-privacidad-y-cookies\/#breadcrumb\",\"itemListElement\":[{\"@type\":\"ListItem\",\"position\":1,\"name\":\"Portada\",\"item\":\"https:\/\/brotherad.com\/lima\/\"},{\"@type\":\"ListItem\",\"position\":2,\"name\":\"Pol\u00edtica de Privacidad y Cookies\"}]},{\"@type\":\"WebSite\",\"@id\":\"https:\/\/brotherad.com\/lima\/#website\",\"url\":\"https:\/\/brotherad.com\/lima\/\",\"name\":\"Brother Lima\",\"description\":\"Otro sitio m\u00e1s de Sitios de Brother\",\"publisher\":{\"@id\":\"https:\/\/brotherad.com\/lima\/#organization\"},\"potentialAction\":[{\"@type\":\"SearchAction\",\"target\":{\"@type\":\"EntryPoint\",\"urlTemplate\":\"https:\/\/brotherad.com\/lima\/?s={search_term_string}\"},\"query-input\":{\"@type\":\"PropertyValueSpecification\",\"valueRequired\":true,\"valueName\":\"search_term_string\"}}],\"inLanguage\":\"es\"},{\"@type\":\"Organization\",\"@id\":\"https:\/\/brotherad.com\/lima\/#organization\",\"name\":\"Brother Lima\",\"url\":\"https:\/\/brotherad.com\/lima\/\",\"logo\":{\"@type\":\"ImageObject\",\"inLanguage\":\"es\",\"@id\":\"https:\/\/brotherad.com\/lima\/#\/schema\/logo\/image\/\",\"url\":\"https:\/\/brotherad.com\/lima\/wp-content\/uploads\/sites\/5\/2024\/04\/Brother-Lima-Escuela-de-Creativos.jpg\",\"contentUrl\":\"https:\/\/brotherad.com\/lima\/wp-content\/uploads\/sites\/5\/2024\/04\/Brother-Lima-Escuela-de-Creativos.jpg\",\"width\":1454,\"height\":255,\"caption\":\"Brother Lima\"},\"image\":{\"@id\":\"https:\/\/brotherad.com\/lima\/#\/schema\/logo\/image\/\"},\"sameAs\":[\"https:\/\/www.facebook.com\/BrotherLima\/\",\"https:\/\/www.instagram.com\/brotherlima\/\",\"https:\/\/www.tiktok.com\/@brotherlima\"]}]}<\/script>\n<!-- \/ Yoast SEO plugin. -->","yoast_head_json":{"title":"Pol\u00edtica de Privacidad y Cookies - Brother Lima","robots":{"index":"index","follow":"follow","max-snippet":"max-snippet:-1","max-image-preview":"max-image-preview:large","max-video-preview":"max-video-preview:-1"},"canonical":"https:\/\/brotherad.com\/lima\/politica-de-privacidad-y-cookies\/","og_locale":"es_ES","og_type":"article","og_title":"Pol\u00edtica de Privacidad y Cookies - Brother Lima","og_description":"POL\u00cdTICAS DE USO DE DATOS DE PERSONAS INTERESADAS A BROTHER LIMA De conformidad con la Ley N\u00b0 29733 &#8211; Ley de Protecci\u00f3n de Datos Personales y su Reglamento aprobado mediante D.S. 003-2013-JUS, el usuario otorga su consentimiento expreso para que los datos personales que facilite a Brother Lima S.A.C. &#8211; Bro Lima S.A.C. a trav\u00e9s [&hellip;]","og_url":"https:\/\/brotherad.com\/lima\/politica-de-privacidad-y-cookies\/","og_site_name":"Brother Lima","article_publisher":"https:\/\/www.facebook.com\/BrotherLima\/","twitter_card":"summary_large_image","twitter_misc":{"Tiempo de lectura":"6 minutos"},"schema":{"@context":"https:\/\/schema.org","@graph":[{"@type":"WebPage","@id":"https:\/\/brotherad.com\/lima\/politica-de-privacidad-y-cookies\/","url":"https:\/\/brotherad.com\/lima\/politica-de-privacidad-y-cookies\/","name":"Pol\u00edtica de Privacidad y Cookies - Brother Lima","isPartOf":{"@id":"https:\/\/brotherad.com\/lima\/#website"},"datePublished":"2019-07-18T20:55:18+00:00","breadcrumb":{"@id":"https:\/\/brotherad.com\/lima\/politica-de-privacidad-y-cookies\/#breadcrumb"},"inLanguage":"es","potentialAction":[{"@type":"ReadAction","target":["https:\/\/brotherad.com\/lima\/politica-de-privacidad-y-cookies\/"]}]},{"@type":"BreadcrumbList","@id":"https:\/\/brotherad.com\/lima\/politica-de-privacidad-y-cookies\/#breadcrumb","itemListElement":[{"@type":"ListItem","position":1,"name":"Portada","item":"https:\/\/brotherad.com\/lima\/"},{"@type":"ListItem","position":2,"name":"Pol\u00edtica de Privacidad y Cookies"}]},{"@type":"WebSite","@id":"https:\/\/brotherad.com\/lima\/#website","url":"https:\/\/brotherad.com\/lima\/","name":"Brother Lima","description":"Otro sitio m\u00e1s de Sitios de Brother","publisher":{"@id":"https:\/\/brotherad.com\/lima\/#organization"},"potentialAction":[{"@type":"SearchAction","target":{"@type":"EntryPoint","urlTemplate":"https:\/\/brotherad.com\/lima\/?s={search_term_string}"},"query-input":{"@type":"PropertyValueSpecification","valueRequired":true,"valueName":"search_term_string"}}],"inLanguage":"es"},{"@type":"Organization","@id":"https:\/\/brotherad.com\/lima\/#organization","name":"Brother Lima","url":"https:\/\/brotherad.com\/lima\/","logo":{"@type":"ImageObject","inLanguage":"es","@id":"https:\/\/brotherad.com\/lima\/#\/schema\/logo\/image\/","url":"https:\/\/brotherad.com\/lima\/wp-content\/uploads\/sites\/5\/2024\/04\/Brother-Lima-Escuela-de-Creativos.jpg","contentUrl":"https:\/\/brotherad.com\/lima\/wp-content\/uploads\/sites\/5\/2024\/04\/Brother-Lima-Escuela-de-Creativos.jpg","width":1454,"height":255,"caption":"Brother Lima"},"image":{"@id":"https:\/\/brotherad.com\/lima\/#\/schema\/logo\/image\/"},"sameAs":["https:\/\/www.facebook.com\/BrotherLima\/","https:\/\/www.instagram.com\/brotherlima\/","https:\/\/www.tiktok.com\/@brotherlima"]}]}},"_links":{"self":[{"href":"https:\/\/brotherad.com\/lima\/wp-json\/wp\/v2\/pages\/1668","targetHints":{"allow":["GET"]}}],"collection":[{"href":"https:\/\/brotherad.com\/lima\/wp-json\/wp\/v2\/pages"}],"about":[{"href":"https:\/\/brotherad.com\/lima\/wp-json\/wp\/v2\/types\/page"}],"author":[{"embeddable":true,"href":"https:\/\/brotherad.com\/lima\/wp-json\/wp\/v2\/users\/6"}],"replies":[{"embeddable":true,"href":"https:\/\/brotherad.com\/lima\/wp-json\/wp\/v2\/comments?post=1668"}],"version-history":[{"count":0,"href":"https:\/\/brotherad.com\/lima\/wp-json\/wp\/v2\/pages\/1668\/revisions"}],"wp:attachment":[{"href":"https:\/\/brotherad.com\/lima\/wp-json\/wp\/v2\/media?parent=1668"}],"curies":[{"name":"wp","href":"https:\/\/api.w.org\/{rel}","templated":true}]}}